{"id":55,"date":"2016-06-13T15:48:45","date_gmt":"2016-06-13T15:48:45","guid":{"rendered":"http:\/\/sw-themes.com\/porto_dummy\/?page_id=55"},"modified":"2017-10-09T05:55:05","modified_gmt":"2017-10-09T05:55:05","slug":"about-us","status":"publish","type":"page","link":"https:\/\/www.upservice.cl\/site\/about-us\/","title":{"rendered":"NOSOTROS"},"content":{"rendered":"<p>[vc_row wrap_container=&#8221;yes&#8221; el_class=&#8221;p-b-lg&#8221;]<\/p>\n<p>[vc_column]<\/p>\n<h2 id=\"uvc-type-wrap-8344\"  data-ultimate-target='#uvc-type-wrap-8344'  data-responsive-json-new='{\"font-size\":\"\",\"line-height\":\"desktop:46px;\"}'  class=\"uvc-type-wrap  ult-adjust-bottom-margin ult-responsive short m-t-xl uvc-type-align-center  uvc-wrap-90120883869f3ba63873da\" style=\"font-family:'Open Sans';font-weight:300;text-align:center;\"><span  data-ultimate-target='#uvc-type-wrap-8344 .mycustfancy'  data-responsive-json-new='{\"font-size\":\"\",\"line-height\":\"\"}'  class=\"ultimate-ticker-prefix mycustfancy ult-responsive\" style=\"font-weight:normal;\">Estamos para <\/span><div id=\"vticker-90120883869f3ba63873da\"  data-ultimate-target='#uvc-type-wrap-8344'  data-responsive-json-new='{\"font-size\":\"\",\"line-height\":\"desktop:46px;\"}'  class=\"ultimate-vticker ticker fancytext-background-enabled \" style=\"color:#ffffff;background:#bdc953;\"><ul><li style=\"opacity:1\">asesorarte.<\/li><li style=\"opacity:0\">mejorar.<\/li><li style=\"opacity:0\">y avanzar.<\/li><\/ul><\/div><script type=\"text\/javascript\">\n\t\t\t\t\t\tjQuery(function($){\n\t\t\t\t\t\t\t$(document).ready(function(){\n\t\t\t\t\t\t\t\t$(\"#vticker-90120883869f3ba63873da\").find(\"li\").css(\"opacity\",\"1\");\n\t\t\t\t\t\t\t\t$(\"#vticker-90120883869f3ba63873da\")\n\t\t\t\t\t\t\t\t\t.vTicker(\n\t\t\t\t\t\t\t\t\t{\n\t\t\t\t\t\t\t\t\t\tspeed: 200,\n\t\t\t\t\t\t\t\t\t\tshowItems: 1,\n\t\t\t\t\t\t\t\t\t\tpause: 3000,\n\t\t\t\t\t\t\t\t\t\tmousePause : false,\n\t\t\t\t\t\t\t\t\t\tdirection: \"up\",\n\t\t\t\t\t\t\t\t\t}\n\t\t\t\t\t\t\t\t);\n\t\t\t\t\t\t\t});\n\t\t\t\t\t\t});\n\t\t\t\t\t<\/script><\/h2>\n<p>[vc_column_text el_class=&#8221;featured lead&#8221;]<\/p>\n<p><strong><img loading=\"lazy\" class=\" wp-image-1410 alignright\" src=\"http:\/\/localhost\/ups\/porto\/wp-content\/uploads\/2016\/06\/nosotros-300x191.png\" alt=\"\" width=\"360\" height=\"229\" srcset=\"https:\/\/www.upservice.cl\/site\/wp-content\/uploads\/2016\/06\/nosotros-300x191.png 300w, https:\/\/www.upservice.cl\/site\/wp-content\/uploads\/2016\/06\/nosotros.png 480w\" sizes=\"(max-width: 360px) 100vw, 360px\" \/>UPSERVICE LTDA<\/strong> es una empresa creada con el fin de entregar a nuestros Clientes, un servicio INTEGRAL en Inform\u00e1tica y Telecomunicaciones. Nuestro principal objetivo es apoyarlos tecnol\u00f3gicamente, y as\u00ed, cubrir la gran rama de servicios de este rubro. Nuestro compromiso es brindar estabilidad computacional en su negocio.<\/p>\n<p>[\/vc_column_text]<\/p>\n<p>[vc_separator color=&#8221;custom&#8221; gap=&#8221;taller&#8221; gradient=&#8221;yes&#8221;]<\/p>\n<p>[vc_row_inner]<\/p>\n<p>[vc_column_inner width=&#8221;1\/2&#8243;]<\/p>\n<div class=\"aio-icon-component    style_1\"><div id=\"Info-box-wrap-5429\" class=\"aio-icon-box left-icon\" style=\"\"  ><div class=\"aio-icon-left\"><div class=\"ult-just-icon-wrapper  \"><div class=\"align-icon\" style=\"text-align:center;\">\n<div class=\"aio-icon none \"  style=\"color:#bdc953;font-size:28px;display:inline-block;\">\n\t<i class=\"Defaults-user\"><\/i>\n<\/div><\/div><\/div><\/div><div class=\"aio-ibd-block\"><div class=\"aio-icon-header\" ><h3 class=\"aio-icon-title ult-responsive\"  data-ultimate-target='#Info-box-wrap-5429 .aio-icon-title'  data-responsive-json-new='{\"font-size\":\"\",\"line-height\":\"\"}'  style=\"color:#0e0e0e;\"><strong>MISI\u00d3N<\/strong><\/h3><\/div> <!-- header --><div class=\"aio-icon-description ult-responsive\"  data-ultimate-target='#Info-box-wrap-5429 .aio-icon-description'  data-responsive-json-new='{\"font-size\":\"\",\"line-height\":\"\"}'  style=\"\">Brindar un servicio integral en el \u00e1rea de Inform\u00e1tica, ofreciendo soluciones en toda la rama computacional, permitiendo a nuestros Clientes, enfocarse en su negocio y no en problemas tecnol\u00f3gicos, y de esta manera, lograr una fidelizaci\u00f3n a trav\u00e9s de\u00a0prestaciones eficientes, que cumplan con sus expectativas de calidad, tiempos de respuesta y costos.<\/div> <!-- description --><\/div> <!-- aio-ibd-block --><\/div> <!-- aio-icon-box --><\/div> <!-- aio-icon-component -->\n<p>[\/vc_column_inner]<\/p>\n<p>[vc_column_inner width=&#8221;1\/2&#8243;]<\/p>\n<div class=\"aio-icon-component    style_1\"><div id=\"Info-box-wrap-5543\" class=\"aio-icon-box left-icon\" style=\"\"  ><div class=\"aio-icon-left\"><div class=\"ult-just-icon-wrapper  \"><div class=\"align-icon\" style=\"text-align:center;\">\n<div class=\"aio-icon none \"  style=\"color:#bdc953;font-size:28px;display:inline-block;\">\n\t<i class=\"Defaults-film\"><\/i>\n<\/div><\/div><\/div><\/div><div class=\"aio-ibd-block\"><div class=\"aio-icon-header\" ><h3 class=\"aio-icon-title ult-responsive\"  data-ultimate-target='#Info-box-wrap-5543 .aio-icon-title'  data-responsive-json-new='{\"font-size\":\"\",\"line-height\":\"\"}'  style=\"color:#0e0e0e;\"><strong>VISI\u00d3N<\/strong><\/h3><\/div> <!-- header --><div class=\"aio-icon-description ult-responsive\"  data-ultimate-target='#Info-box-wrap-5543 .aio-icon-description'  data-responsive-json-new='{\"font-size\":\"\",\"line-height\":\"\"}'  style=\"\">Ser reconocidos como la mejor empresa en entregar soluciones integrales de inform\u00e1tica, y de esta manera ser el mejor aliado de nuestros clientes, manteniendo por muchos a\u00f1os relaciones de confianza que permitan recomendarnos abiertamente.<\/div> <!-- description --><\/div> <!-- aio-ibd-block --><\/div> <!-- aio-icon-box --><\/div> <!-- aio-icon-component -->\n<p>[\/vc_column_inner]<\/p>\n<p>[\/vc_row_inner]<\/p>\n<p>[\/vc_column]<\/p>\n<p>[\/vc_row]<\/p>\n<p>[vc_row full_width=&#8221;stretch_row&#8221; wrap_container=&#8221;yes&#8221; bg_type=&#8221;video&#8221; video_url=&#8221;http:\/\/upservice.cl\/por\/tecno0.mp4&#8243; video_url_2=&#8221;http:\/\/sw-themes.com\/porto_dummy\/wp-content\/uploads\/videos\/dark.ogv&#8221; video_opts=&#8221;loop&#8221; video_poster=&#8221;id^57|url^http:\/\/sw-themes.com\/porto_dummy\/corporate7\/wp-content\/uploads\/2016\/06\/dark.jpg|caption^null|alt^null|title^dark|description^null&#8221; viewport_vdo=&#8221;viewport_play&#8221; enable_overlay=&#8221;enable_overlay_value&#8221; overlay_pattern=&#8221;09.png&#8221; overlay_pattern_opacity=&#8221;80&#8243; overlay_pattern_attachment=&#8221;fixed&#8221; el_class=&#8221;video-cover p-t-xlg p-b-md&#8221;]<\/p>\n<p>[vc_column width=&#8221;1\/2&#8243;]<\/p>\n<p>[\/vc_column]<\/p>\n<p>[\/vc_row]<\/p>\n<p>[vc_row wrap_container=&#8221;yes&#8221; el_class=&#8221;p-b-lg&#8221;]<\/p>\n<p>[vc_column]<\/p>\n<h2 id=\"uvc-type-wrap-8403\"  data-ultimate-target='#uvc-type-wrap-8403'  data-responsive-json-new='{\"font-size\":\"\",\"line-height\":\"desktop:46px;\"}'  class=\"uvc-type-wrap  ult-adjust-bottom-margin ult-responsive short m-t-xl uvc-type-align-center  uvc-wrap-27103973469f3ba63876c0\" style=\"font-family:'Open Sans';font-weight:300;text-align:center;\"><span  data-ultimate-target='#uvc-type-wrap-8403 .mycustfancy'  data-responsive-json-new='{\"font-size\":\"\",\"line-height\":\"\"}'  class=\"ultimate-ticker-prefix mycustfancy ult-responsive\" style=\"font-weight:normal;\">Un poco de <\/span><div id=\"vticker-27103973469f3ba63876c0\"  data-ultimate-target='#uvc-type-wrap-8403'  data-responsive-json-new='{\"font-size\":\"\",\"line-height\":\"desktop:46px;\"}'  class=\"ultimate-vticker ticker fancytext-background-enabled \" style=\"color:#ffffff;background:#bdc953;\"><ul><li style=\"opacity:1\">Historia.<\/li><li style=\"opacity:0\">Historia.<\/li><li style=\"opacity:0\">Historia.<\/li><\/ul><\/div><script type=\"text\/javascript\">\n\t\t\t\t\t\tjQuery(function($){\n\t\t\t\t\t\t\t$(document).ready(function(){\n\t\t\t\t\t\t\t\t$(\"#vticker-27103973469f3ba63876c0\").find(\"li\").css(\"opacity\",\"1\");\n\t\t\t\t\t\t\t\t$(\"#vticker-27103973469f3ba63876c0\")\n\t\t\t\t\t\t\t\t\t.vTicker(\n\t\t\t\t\t\t\t\t\t{\n\t\t\t\t\t\t\t\t\t\tspeed: 200,\n\t\t\t\t\t\t\t\t\t\tshowItems: 1,\n\t\t\t\t\t\t\t\t\t\tpause: 3000,\n\t\t\t\t\t\t\t\t\t\tmousePause : false,\n\t\t\t\t\t\t\t\t\t\tdirection: \"up\",\n\t\t\t\t\t\t\t\t\t}\n\t\t\t\t\t\t\t\t);\n\t\t\t\t\t\t\t});\n\t\t\t\t\t\t});\n\t\t\t\t\t<\/script><\/h2>\n<p>[vc_column_text el_class=&#8221;featured lead&#8221;]<\/p>\n<p>La idea nace el a\u00f1o 2009, cuando el representante legal Wladimir Bulnes decide formar una empresa que entregue a sus clientes un Servicio completo en el \u00e1rea computacional, dando como resultado: UPSERVICE LTDA.<\/p>\n<p>A comienzos del a\u00f1o 2010, ya estaba nuestra Raz\u00f3n Social publicada en el diario oficial, dando inicio a un largo camino. Desde entonces, la empresa se posiciona en el mercado competitivo, donde las exigencias aumentan d\u00eda a d\u00eda, donde la diferencia radica en el cumplimiento de los compromisos suscritos con los clientes, satisfaciendo rigurosamente los requerimientos exigidos, y a su vez, ofreciendo una gran rama de servicios.<\/p>\n<p>Actualmente UPSERVICE LTDA. est\u00e1 altamente capacitada para responder ante cualquier tipo de desaf\u00edo, y tenemos la certeza que entregaremos un trabajo de Calidad, Serio y Transparente.<\/p>\n<p>[\/vc_column_text]<\/p>\n<p>&nbsp;<\/p>\n<p>[\/vc_column]<\/p>\n<p>[\/vc_row]<\/p>\n<p>&nbsp;<\/p>\n","protected":false},"excerpt":{"rendered":"<p>[vc_row wrap_container=&#8221;yes&#8221; el_class=&#8221;p-b-lg&#8221;] [vc_column] [vc_column_text el_class=&#8221;featured lead&#8221;] UPSERVICE LTDA es una empresa creada con el fin de entregar a nuestros Clientes, un servicio INTEGRAL en Inform\u00e1tica y Telecomunicaciones. Nuestro principal objetivo es apoyarlos tecnol\u00f3gicamente, y as\u00ed, cubrir la gran rama de servicios de este rubro. Nuestro compromiso es brindar estabilidad computacional en su negocio. [\/vc_column_text] [&hellip;]<\/p>\n","protected":false},"author":1,"featured_media":0,"parent":0,"menu_order":0,"comment_status":"closed","ping_status":"closed","template":"","meta":[],"_links":{"self":[{"href":"https:\/\/www.upservice.cl\/site\/wp-json\/wp\/v2\/pages\/55"}],"collection":[{"href":"https:\/\/www.upservice.cl\/site\/wp-json\/wp\/v2\/pages"}],"about":[{"href":"https:\/\/www.upservice.cl\/site\/wp-json\/wp\/v2\/types\/page"}],"author":[{"embeddable":true,"href":"https:\/\/www.upservice.cl\/site\/wp-json\/wp\/v2\/users\/1"}],"replies":[{"embeddable":true,"href":"https:\/\/www.upservice.cl\/site\/wp-json\/wp\/v2\/comments?post=55"}],"version-history":[{"count":55,"href":"https:\/\/www.upservice.cl\/site\/wp-json\/wp\/v2\/pages\/55\/revisions"}],"predecessor-version":[{"id":1412,"href":"https:\/\/www.upservice.cl\/site\/wp-json\/wp\/v2\/pages\/55\/revisions\/1412"}],"wp:attachment":[{"href":"https:\/\/www.upservice.cl\/site\/wp-json\/wp\/v2\/media?parent=55"}],"curies":[{"name":"wp","href":"https:\/\/api.w.org\/{rel}","templated":true}]}}