{"id":1390,"date":"2017-08-18T00:09:05","date_gmt":"2017-08-18T00:09:05","guid":{"rendered":"http:\/\/localhost\/ups\/porto\/?page_id=1390"},"modified":"2018-04-22T16:15:58","modified_gmt":"2018-04-22T16:15:58","slug":"redes-de-datos","status":"publish","type":"page","link":"https:\/\/www.upservice.cl\/site\/redes-de-datos\/","title":{"rendered":"REDES DE DATOS"},"content":{"rendered":"<p>[vc_row][vc_column][vc_column_text]<\/p>\n<h2>REDES DE VOZ Y DATOS<\/h2>\n<p><span style=\"font-size: 17px;\"><img loading=\"lazy\" class=\" wp-image-1590 alignright\" src=\"http:\/\/www.upservice.cl\/site\/wp-content\/uploads\/2017\/08\/redes-conectividad-logo-1.jpg\" alt=\"\" width=\"501\" height=\"350\" srcset=\"https:\/\/www.upservice.cl\/site\/wp-content\/uploads\/2017\/08\/redes-conectividad-logo-1.jpg 824w, https:\/\/www.upservice.cl\/site\/wp-content\/uploads\/2017\/08\/redes-conectividad-logo-1-300x210.jpg 300w, https:\/\/www.upservice.cl\/site\/wp-content\/uploads\/2017\/08\/redes-conectividad-logo-1-768x538.jpg 768w, https:\/\/www.upservice.cl\/site\/wp-content\/uploads\/2017\/08\/redes-conectividad-logo-1-600x420.jpg 600w\" sizes=\"(max-width: 501px) 100vw, 501px\" \/>Ejecutamos y dise\u00f1amos proyectos de Cableado Estructurado, con productos de calidad y tecnolog\u00eda\u00a0de punta:<\/span><\/p>\n<ul>\n<li><span style=\"font-size: 17px;\">Redes de datos<\/span><\/li>\n<li><span style=\"font-size: 17px;\">Redes de Voz<\/span><\/li>\n<li><span style=\"font-size: 17px;\">Redes inalambricas<\/span><\/li>\n<li><span style=\"font-size: 17px;\">Redes para telefon\u00eda IP<\/span><\/li>\n<li><span style=\"font-size: 17px;\">Asesor\u00edas<\/span><\/li>\n<li><span style=\"font-size: 17px;\">Instalaci\u00f3n de equipamiento de redes (Switch, Routers, Access Point, Firewalls de Red)<\/span><\/li>\n<li><span style=\"font-size: 17px;\">Instalaci\u00f3n de Rack de comunicaciones<\/span><\/li>\n<li><span style=\"font-size: 17px;\">Rotulaci\u00f3n de puntos de red<\/span><\/li>\n<li><span style=\"font-size: 17px;\">Contratos de mantenci\u00f3n<\/span><\/li>\n<\/ul>\n<p>&nbsp;<\/p>\n<p>MARCAS UTILIZADAS<\/p>\n<p><img loading=\"lazy\" class=\"alignnone size-full wp-image-1450\" src=\"http:\/\/localhost\/ups\/porto\/wp-content\/uploads\/2017\/08\/trimerx.jpg\" alt=\"\" width=\"154\" height=\"139\" \/><img loading=\"lazy\" class=\"alignnone size-full wp-image-1451\" src=\"http:\/\/localhost\/ups\/porto\/wp-content\/uploads\/2017\/08\/levinton.jpg\" alt=\"\" width=\"154\" height=\"139\" \/><img loading=\"lazy\" class=\"alignnone size-full wp-image-1460\" src=\"http:\/\/localhost\/ups\/porto\/wp-content\/uploads\/2017\/08\/nexxt.jpg\" alt=\"\" width=\"154\" height=\"139\" \/><img loading=\"lazy\" class=\"alignnone size-full wp-image-1458\" src=\"http:\/\/localhost\/ups\/porto\/wp-content\/uploads\/2017\/08\/dlink.jpg\" alt=\"\" width=\"154\" height=\"139\" \/><img loading=\"lazy\" class=\"alignnone size-full wp-image-1452\" src=\"http:\/\/localhost\/ups\/porto\/wp-content\/uploads\/2017\/08\/TPLINK-1.jpg\" alt=\"\" width=\"154\" height=\"139\" \/><img loading=\"lazy\" class=\"alignnone size-full wp-image-1453\" src=\"http:\/\/localhost\/ups\/porto\/wp-content\/uploads\/2017\/08\/linksys.jpg\" alt=\"\" width=\"154\" height=\"139\" \/><img loading=\"lazy\" class=\"alignnone size-full wp-image-1456\" src=\"http:\/\/localhost\/ups\/porto\/wp-content\/uploads\/2017\/08\/legrand.jpg\" alt=\"\" width=\"154\" height=\"139\" \/>[\/vc_column_text][\/vc_column][\/vc_row][vc_row][vc_column][vc_column_text]<\/p>\n<h2>FIREWALLS DE RED POR HARDAWARE<\/h2>\n<h2><span id=\"Que_es_un_Firewall\"><strong>\u00bfQu\u00e9 es un Firewall?<\/strong><\/span><\/h2>\n<p><img loading=\"lazy\" class=\"size-full wp-image-1587 alignright\" src=\"http:\/\/www.upservice.cl\/site\/wp-content\/uploads\/2017\/08\/firewall.jpg\" alt=\"\" width=\"250\" height=\"250\" srcset=\"https:\/\/www.upservice.cl\/site\/wp-content\/uploads\/2017\/08\/firewall.jpg 250w, https:\/\/www.upservice.cl\/site\/wp-content\/uploads\/2017\/08\/firewall-150x150.jpg 150w, https:\/\/www.upservice.cl\/site\/wp-content\/uploads\/2017\/08\/firewall-180x180.jpg 180w, https:\/\/www.upservice.cl\/site\/wp-content\/uploads\/2017\/08\/firewall-85x85.jpg 85w, https:\/\/www.upservice.cl\/site\/wp-content\/uploads\/2017\/08\/firewall-50x50.jpg 50w\" sizes=\"(max-width: 250px) 100vw, 250px\" \/>Un firewall (llamado tambi\u00e9n \u201ccortafuego\u201d), es un sistema que permite\u00a0<strong>proteger a una computadora o una red de computadoras de las intrusiones que provienen de &#8220;INTERNET&#8221;<\/strong>. El firewall es un sistema que permite filtrar los paquetes de datos que andan por la red. Se trata de un \u201cpuente angosto\u201d que filtra, al menos, el tr\u00e1fico entre la red interna y externa.<\/p>\n<p>Por esta raz\u00f3n, es que tenemos una completa soluci\u00f3n con funcionalidades que se detallan a continuaci\u00f3n:<\/p>\n<ul>\n<li>Firewall<\/li>\n<li>Tabla de estado<\/li>\n<li>Traducci\u00f3n de direcciones de red (NAT)<\/li>\n<li>Multi-Wan<\/li>\n<li>Balanceador de carga<\/li>\n<li>Redes Privadas Virtuales (VPN) en IPsec, OpenVPN y PPTP<\/li>\n<li>Servidor PPoE<\/li>\n<li>Servidor DNS<\/li>\n<li>Servidor DHCP<\/li>\n<li>Portal Cautivo<\/li>\n<li>Filtro URL (bloqueo de sitios web no deseados)<\/li>\n<\/ul>\n<p>[\/vc_column_text][\/vc_column][\/vc_row]<\/p>\n","protected":false},"excerpt":{"rendered":"<p>[vc_row][vc_column][vc_column_text] REDES DE VOZ Y DATOS Ejecutamos y dise\u00f1amos proyectos de Cableado Estructurado, con productos de calidad y tecnolog\u00eda\u00a0de punta: Redes de datos Redes de Voz Redes inalambricas Redes para telefon\u00eda IP Asesor\u00edas Instalaci\u00f3n de equipamiento de redes (Switch, Routers, Access Point, Firewalls de Red) Instalaci\u00f3n de Rack de comunicaciones Rotulaci\u00f3n de puntos de red [&hellip;]<\/p>\n","protected":false},"author":1,"featured_media":1571,"parent":0,"menu_order":0,"comment_status":"closed","ping_status":"closed","template":"","meta":[],"_links":{"self":[{"href":"https:\/\/www.upservice.cl\/site\/wp-json\/wp\/v2\/pages\/1390"}],"collection":[{"href":"https:\/\/www.upservice.cl\/site\/wp-json\/wp\/v2\/pages"}],"about":[{"href":"https:\/\/www.upservice.cl\/site\/wp-json\/wp\/v2\/types\/page"}],"author":[{"embeddable":true,"href":"https:\/\/www.upservice.cl\/site\/wp-json\/wp\/v2\/users\/1"}],"replies":[{"embeddable":true,"href":"https:\/\/www.upservice.cl\/site\/wp-json\/wp\/v2\/comments?post=1390"}],"version-history":[{"count":13,"href":"https:\/\/www.upservice.cl\/site\/wp-json\/wp\/v2\/pages\/1390\/revisions"}],"predecessor-version":[{"id":1592,"href":"https:\/\/www.upservice.cl\/site\/wp-json\/wp\/v2\/pages\/1390\/revisions\/1592"}],"wp:featuredmedia":[{"embeddable":true,"href":"https:\/\/www.upservice.cl\/site\/wp-json\/wp\/v2\/media\/1571"}],"wp:attachment":[{"href":"https:\/\/www.upservice.cl\/site\/wp-json\/wp\/v2\/media?parent=1390"}],"curies":[{"name":"wp","href":"https:\/\/api.w.org\/{rel}","templated":true}]}}